ultiple of 89?
True
Does 41 divide 254?
False
Is 624 a multiple of 10?
False
Is 431 a multiple of 27?
False
Is 4025 a multiple of 50?
False
Is 15 a factor of 7354?
False
Is 30 a factor of 29069?
False
Is 3087 a multiple of 7?
True
Does 7 divide 442?
False
Is 33727 a multiple of 51?
False
Is 1865 a multiple of 13?
False
Is 759 a multiple of 18?
False
Is 24720 a multiple of 16?
True
Does 92 divide 23869?
False
Does 23 divide 10881?
False
Does 220 divide 68962?
False
Is 50 a factor of 10504?
False
Is 86 a multiple of 43?
True
Does 12 divide 225?
False
Does 3 divide 1613?
False
Does 13 divide 30758?
True
Does 16 divide 5424?
True
Is 125 a multiple of 5?
True
Is 1224 a multiple of 68?
True
Is 9 a factor of 1989?
True
Is 7 a factor of 84?
True
Is 163 a factor of 11410?
True
Is 5 a factor of 28?
False
Is 22 a factor of 726?
True
Is 8400 a multiple of 35?
True
Does 3 divide 140?
False
Does 66 divide 1880?
False
Is 14 a factor of 5222?
True
Is 13100 a multiple of 50?
True
Is 52 a factor of 3354?
False
Does 40 divide 920?
True
Is 13105 a multiple of 28?
False
Does 9 divide 486?
True
Is 23 a factor of 16675?
True
Does 199 divide 49764?
False
Is 9 a factor of 1857?
False
Does 61 divide 7061?
False
Is 101 a factor of 9863?
False
Does 153 divide 3213?
True
Is 2079 a multiple of 21?
True
Is 177 a factor of 72039?
True
Does 16 divide 1392?
True
Does 22 divide 7725?
False
Is 4463 a multiple of 3?
False
Does 26 divide 2168?
False
Is 1177 a multiple of 4?
False
Does 50 divide 1210?
False
Does 29 divide 1178?
False
Does 46 divide 38272?
True
Is 1315 a multiple of 65?
False
Does 8 divide 50840?
True
Is 2 a factor of 195?
False
Is 5 a factor of 505?
True
Is 2 a factor of 7?
False
Does 114 divide 912?
True
Is 317 a multiple of 7?
False
Is 3969 a multiple of 21?
True
Is 43 a factor of 7568?
True
Is 246 a factor of 53381?
False
Does 31 divide 27001?
True
Is 21240 a multiple of 9?
True
Is 7 a factor of 1003?
False
Is 25 a multiple of 5?
True
Is 27495 a multiple of 65?
True
Does 44 divide 26796?
True
Does 7 divide 1630?
False
Is 22631 a multiple of 39?
False
Is 1079 a multiple of 29?
False
Is 20 a factor of 924?
False
Is 9 a factor of 1224?
True
Is 9248 a multiple of 67?
False
Is 5207 a multiple of 2?
False
Does 9 divide 1075?
False
Is 68 a factor of 3925?
False
Is 14 a factor of 2698?
False
Is 11180 a multiple of 11?
False
Does 54 divide 25326?
True
Is 1155 a multiple of 23?
False
Is 1700 a multiple of 25?
True
Does 46 divide 230?
True
Is 8 a factor of 216?
True
Is 3028 a multiple of 18?
False
Does 8 divide 1424?
True
Is 5236 a multiple of 77?
True
Is 170 a factor of 16490?
True
Does 12 divide 4152?
True
Is 9009 a multiple of 99?
True
Is 46704 a multiple of 48?
True
Does 20 divide 379?
False
Does 4 divide 400?
True
Does 6 divide 3366?
True
Is 17867 a multiple of 12?
False
Does 2 divide 19?
False
Is 19 a factor of 4180?
True
Is 2864 a multiple of 16?
True
Does 26 divide 2158?
True
Does 246 divide 1463?
False
Is 32 a factor of 384?
True
Does 2 divide 3883?
False
Is 200 a factor of 24914?
False
Is 10380 a multiple of 60?
True
Does 5 divide 4380?
True
Is 74 a multiple of 2?
True
Is 10 a factor of 1269?
False
Is 2448 a multiple of 12?
True
Is 1247 a multiple of 7?
False
Is 58804 a multiple of 241?
True
Is 22 a factor of 726?
True
Is 457 a multiple of 2?
False
Does 9 divide 5112?
True
Does 18 divide 69595?
False
Is 190 a multiple of 2?
True
Is 12 a factor of 1164?
True
Is 10 a factor of 64?
False
Is 97 a factor of 7275?
True
Is 469 a multiple of 23?
False
Is 8 a factor of 96?
True
Does 85 divide 5780?
True
Is 12 a factor of 336?
True
Does 42 divide 655?
False
Is 10 a factor of 11110?
True
Is 32 a factor of 384?
True
Does 167 divide 6676?
False
Does 10 divide 3880?
True
Is 29 a factor of 14231?
False
Is 1105 a multiple of 17?
True
Does 8 divide 8?
True
Does 80 divide 33760?
True
Is 770 a multiple of 16?
False
Does 81 divide 3004?
False
Is 85 a factor of 3321?
False
Is 13 a factor of 4994?
False
Is 52 a factor of 2167?
False
Is 1243 a multiple of 37?
False
Does 15 divide 348?
False
Is 15 a factor of 1379?
False
Does 18 divide 1174?
False
Is 11000 a multiple of 36?
False
Is 2370 a multiple of 10?
True
Does 84 divide 252?
True
Does 42 divide 2212?
False
Does 238 divide 28399?
False
Is 84150 a multiple of 66?
True
Is 11 a factor of 627?
True
Is 13 a factor of 2723?
False
Is 19328 a multiple of 32?
True
Is 1455 a multiple of 46?
False
Is 64 a factor of 258?
False
Is 85 a multiple of 5?
True
Is 18 a factor of 792?
True
Is 2021 a multiple of 43?
True
Does 255 divide 51906?
False
Is 2 a factor of 71?
False
Does 27 divide 7150?
False
Does 4 divide 864?
True
Is 3621 a multiple of 3?
True
Is 3211 a multiple of 19?
True
Does 16 divide 519?
False
Does 44 divide 572?
True
Is 529 a multiple of 33?
False
Is 19325 a multiple of 60?
False
Does 7 divide 2284?
False
Is 36 a factor of 8964?
True
Does 15 divide 71280?
True
Is 15 a factor of 7878?
False
Is 2960 a multiple of 16?
True
Does 11 divide 2992?
True
Does 30 divide 13050?
True
Is 243 a multiple of 9?
True
Does 30 divide 21582?
False
Is 45 a factor of 225?
True
Does 8 divide 640?
True
Is 12 a factor of 1889?
False
Is 17 a factor of 1718?
False
Is 12372 a multiple of 15?
False
Is 8 a factor of 5932?
False
Is 149 a factor of 1639?
True
Does 104 divide 815?
False
Does 19 divide 95?
True
Is 580 a multiple of 58?
True
Does 6 divide 277?
False
Is 98 a factor of 83247?
False
Is 12370 a multiple of 22?
False
Is 27 a factor of 6723?
True
Does 112 divide 22512?
True
Is 203 a multiple of 13?
False
Is 85 a factor of 13783?
False
Is 909 a multiple of 22?
False
Is 6874 a multiple of 44?
False
Is 24 a factor of 18141?
False
Is 7641 a multiple of 8?
False
Is 6877 a multiple of 135?
False
Does 19 divide 1197?
True
Does 30 divide 10680?
True
Is 100 a multiple of 10?
True
Is 4 a factor of 331?
False
Is 12 a factor of 1028?
False
Is 38 a factor of 60496?
True
Is 1307 a multiple of 9?
False
Does 36 divide 416?
False
Does 24 divide 840?
True
Is 49 a factor of 10568?
False
Is 10 a factor of 2070?
True
Is 121 a factor of 48158?
True
Is 12 a factor of 1092?
True
Is 760 a multiple of 40?
True
Is 41021 a multiple of 17?
True
Is 5043 a multiple of 123?
True
Is 4309 a multiple of 31?
True
Does 10 divide 159288?
False
Is 14971 a multiple of 34?
False
Is 32 a factor of 2412?
False
Is 67 a factor of 5427?
True
Is 483 a multiple of 23?
True
Is 6 a factor of 129?
False
Is 62414 a multiple of 123?
False
Is 76 a factor of 3876?
True
Does 30 divide 930?
True
Does 20 divide 360?
True
Is 8361 a multiple of 16?
False
Does 5 divide 2284?
False
Is 1860 a multiple of 20?
True
Is 74053 a multiple of 7?
True
Is 1184 a multiple of 5?
False
Does 14 divide 3220?
True
Is 16 a factor of 34339?
False
Is 20580 a multiple of 20?
True
Is 4352 a multiple of 32?
True
Is 1261 a multiple of 29?
False
Is 39 a factor of 5473?
False
Does 6 divide 4040?
False
Is 72 a factor of 112032?
True
Is 155 a factor of 4930?
False
Does 15 divide 32190?
True
Is 14 a factor of 1115?
False
Is 46190 a multiple of 63?
False
Does 4 divide 740?
True
Is 13 a factor of 12258?
False
Does 87 divide 2871?
True
Is 1730 a multiple of 10?
True
Is 40 a factor of 760?
True
Is 1632 a multiple of 23?
False
Does 68 divide 14361?
False
Is 330 a multiple of 15?
True
Does 6 divide 102?
True
Is 1208 a multiple of 9?
False
Is 22 a factor of 19998?
True
Is 18 a factor of 3518?
False
Is 2732 a multiple of 13?
False
Is 5181 a multiple of 23?
False
Does 26 divide 34424?
True
Is 22 a factor of 1518?
True
Does 63 divide 7308?
True
Is 11 a factor of 1059?
False
Is 179 a factor of 12145?
False
Is 39311 a multiple of 21?
False
Does 17 divide 1321?
False
Is 9 a factor of 3518?
False
Is 34 a factor of 49213?
False
Does 27 divide 216?
True
Is 13 a factor of 111?
False
Is 25 a factor of 40475?
True
Is 2425 a multiple of 19?
False
Is 21893 a multiple of 168?
False
Does 66 divide 2994?
False
Does 114 divide 114?
True
Is 2 a factor of 1020?
True
Does 46 divide 92?
True
Is 3254 a multiple of 18?
False
Is 707 a multiple of 5?
False
Is 7232 a multiple of 8?
True
Does 32 divide 2144?
True
Is 12 a factor of 357?
False
Is 72 a factor of 131688?
True
Is 31 a factor of 1117?
False
Is 19628 a multiple of 212?
False
Is 4 a factor of 276?
True
Does 18 divide